{"id":5552,"date":"2021-09-22T10:45:00","date_gmt":"2021-09-22T08:45:00","guid":{"rendered":"https:\/\/plancabanyal.es\/?page_id=5552"},"modified":"2025-10-08T13:24:30","modified_gmt":"2025-10-08T11:24:30","slug":"arrur","status":"publish","type":"page","link":"https:\/\/plancabanyal.es\/en\/arrur\/","title":{"rendered":"ARRU 2022"},"content":{"rendered":"<p>[vc_row][vc_column][vc_separator][vc_column_text]<\/p>\n<div class=\"wpb_text_column wpb_content_element \">\n<div class=\"wpb_wrapper\">\n<h2>ARRU II (Plan Estatal Vivienda 2018-2021)<\/h2>\n<h4>Subvenciones para la Reedificaci\u00f3n y Rehabilitaci\u00f3n de edificios y viviendas dentro del \u00c1rea de Regeneraci\u00f3n y Renovaci\u00f3n Urbana Cabanyal-Canyamelar<\/h4>\n<\/div>\n<\/div>\n<div class=\"vc_separator wpb_content_element vc_separator_align_center vc_sep_width_100 vc_sep_pos_align_center vc_separator_no_text vc_sep_color_grey\"><\/div>\n<p>[\/vc_column_text][vc_separator][vc_column_text]<\/p>\n<h3>Bases convocatoria<\/h3>\n<ul>\n<li><a href=\"https:\/\/plancabanyal.es\/wp-content\/uploads\/2022\/07\/Acuerdo-optimizado-para-web.pdf\">Acuerdo de la Junta de Gobierno Local, de fecha 22 de julio de 2022, por el que se aprueba la convocatoria de subvenciones para la reedificaci\u00f3n y rehabilitaci\u00f3n de edificios y viviendas en el \u00e1mbito del ARRU Cabanyal-Canyamelar y se encarga a Plan Cabanyal-Canyamelar, S.A. la prestaci\u00f3n del servicio de oficina de gesti\u00f3n del ARRU.<\/a><\/li>\n<\/ul>\n<p>&nbsp;<\/p>\n<h3>Publicaci\u00f3n de la Convocatoria en el BOP<\/h3>\n<p><a href=\"https:\/\/plancabanyal.es\/wp-content\/uploads\/2022\/09\/220901_Anuncio-convocatoria-BOP.pdf\">Bolet\u00edn Oficial de la Provincia (B.O.P. 01\/09\/2022)<\/a>.<\/p>\n<p>&nbsp;<\/p>\n<h3>Impresos de la solicitud de ayudas<\/h3>\n<ul>\n<li><a href=\"https:\/\/plancabanyal.es\/wp-content\/uploads\/2022\/10\/220901_Solicitud-Ayuda-ARRU-Rehabilitacion-CCPP-Propietarios-Unicos.pdf\">SOLICITUD AYUDA ARRU REHABILITACI\u00d3N CCPP \u2013 PROPIETARIOS \u00daNICOS<\/a><\/li>\n<li><a href=\"https:\/\/plancabanyal.es\/wp-content\/uploads\/2022\/10\/220901_Solicitud-Ayuda-ARRU-Reedificacion-CCPP.pdf\">SOLICITUD AYUDA ARRU REEDIFICACI\u00d3N CCPP<\/a><\/li>\n<li><a href=\"https:\/\/plancabanyal.es\/wp-content\/uploads\/2022\/10\/220901_Solicitud-Ayuda-ARRU-Reedificacion-Propietarios-Unicos.pdf\">SOLICITUD AYUDA ARRU REEDIFICACI\u00d3N PROPIETARIOS \u00daNICOS<\/a><\/li>\n<\/ul>\n<h3><\/h3>\n<p>&nbsp;<\/p>\n<h3><span data-teams=\"true\">Impresos de solicitud de Calificaci\u00f3n Definitiva<\/span><\/h3>\n<ul>\n<li><a href=\"https:\/\/plancabanyal.es\/wp-content\/uploads\/2025\/10\/Solicitud-Calificacion-Definitiva_Reedificacion.pdf\" target=\"_blank\" rel=\"noopener\">SOLICITUD CALIFICACI\u00d3N DEFINITIVA REEDIFICACI\u00d3N<\/a><\/li>\n<li><a href=\"https:\/\/plancabanyal.es\/wp-content\/uploads\/2025\/10\/Solicitud-Calificacion-Definitiva_Rehabilitacion.pdf\" target=\"_blank\" rel=\"noopener\">SOLICITUD CALIFICACI\u00d3N DEFINITIVA REHABILITACI\u00d3N<\/a><\/li>\n<\/ul>\n<h3><\/h3>\n<p>&nbsp;<\/p>\n<h3>Listados provisionales<\/h3>\n<ul>\n<li><a href=\"https:\/\/plancabanyal.es\/wp-content\/uploads\/2023\/11\/edicto-r.pdf\">Edicto del Excelent\u00edsimo Ayuntamiento de Valencia con listas provisionales de subvenciones para la reedificaci\u00f3n y rehabilitaci\u00f3n de edificios y viviendas dentro del \u00c1rea de Regeneraci\u00f3n y Renovaci\u00f3n Urbana el Cabanyal-Canyamelar en Valencia, Plan Estatal 2018-2021.<\/a><\/li>\n<\/ul>\n<p>&nbsp;<\/p>\n<h3>Listados definitivos<\/h3>\n<ul>\n<li><a href=\"https:\/\/plancabanyal.es\/wp-content\/uploads\/2024\/05\/240513_Edicto_Tablon-Ayto-Vlc_Publicacion-Listados-definitivos.pdf\" target=\"_blank\" rel=\"noopener\">Edicto del Excelent\u00edsimo Ayuntamiento de Valencia con listas definitivas de solicitudes beneficiarias y excluidas de subvenciones del \u00c1rea de Regeneraci\u00f3n y Renovaci\u00f3n Urbana Cabanyal-Canyamelar en Valencia, Plan Estatal 2018-2021.<\/a><\/li>\n<\/ul>\n<p>&nbsp;<\/p>\n<h3>Publicaciones<\/h3>\n<ul>\n<li><a href=\"https:\/\/plancabanyal.es\/wp-content\/uploads\/2022\/11\/Acuerdo.zsig_.pdf\">Acuerdo de la Junta de Gobierno Local, de fecha 25 de noviembre de 2022, por el que se modifica la Cl\u00e1usula Quinta de la Convocatoria de subvenciones para la reedificaci\u00f3n y rehabilitaci\u00f3n de edificios y viviendas dentro del \u00c1rea de Regeneraci\u00f3n y Renovaci\u00f3n Urbana El Cabanyal-Canyamelar en Val\u00e8ncia, Plan Estatal 2018-2021, aprobada por acuerdo de fecha 22 de julio de 2022, de Junta de Gobierno Local y se ampl\u00eda el plazo de presentaci\u00f3n de solicitudes por un mes, de tal forma que finalizar\u00e1 el d\u00eda 2 de enero de 2023.<\/a><\/li>\n<li><a href=\"https:\/\/plancabanyal.es\/wp-content\/uploads\/2022\/12\/BOP_234_DEL_7-12-2022.pdf\">BOP 07\/12\/2022 Anuncio del Excelent\u00edsimo Ayuntamiento de Val\u00e8ncia sobre extracto del acuerdo de 25 de noviembre de 2022 de Gobierno Local, por el que se modifica el acuerdo previo de 22 de julio de 2022, a la aprobaci\u00f3n de la convocatoria de subvenciones para la reedificaci\u00f3n rehabilitaci\u00f3n de edificios y viviendas dentro del \u00e1rea de regeneraci\u00f3n y renovaci\u00f3n urbana El Cabanyal-Canyamelar en Val\u00e8ncia, plan estatal 2018-2021.<\/a><\/li>\n<li><a href=\"https:\/\/plancabanyal.es\/wp-content\/uploads\/2023\/06\/230612_Serv.-Viv._Acuerdo_Aprobar-Ampliacion-Plazo-Resolv.-Convocat.-ARRU-2-CV.pdf\">Acuerdo Junta de Gobierno Local de 9 de junio de 2023 para ampliaci\u00f3n del plazo de resoluci\u00f3n de la Convocatoria de subvenciones para la reedificaci\u00f3n y rehabilitaci\u00f3n de edificios y viviendas dentro del \u00c1rea de Regeneraci\u00f3n y Renovaci\u00f3n Urbana El Cabanyal-Canyamelar en Val\u00e8ncia, Plan Estatal 2018-2021.<\/a><\/li>\n<li><a href=\"https:\/\/plancabanyal.es\/wp-content\/uploads\/2023\/06\/BOP_121_23-06-2023_AMPLIACION_PLAZO_RESOLVER.pdf\">BOP 23\/06\/2023 Anuncio del Ayuntamiento de Val\u00e8ncia sobre la ampliaci\u00f3n del plazo para resolver la convocatoria de subvenciones para la reedificaci\u00f3n y rehabilitaci\u00f3n de edificios y viviendas dentro del \u00e1rea de regeneraci\u00f3n y renovaci\u00f3n urbana El Cabanyal-Canyamelar en Val\u00e8ncia. Plan Estatal 2018-2021.<\/a><\/li>\n<\/ul>\n<p>&nbsp;<\/p>\n<p><strong>NORMATIVA DE APLICACI\u00d3N<\/strong><\/p>\n<ul>\n<li><a href=\"https:\/\/www.boe.es\/eli\/es\/rd\/2018\/03\/09\/106\">Real Decreto 106\/2018, de 9 de marzo, por el que se regula el Plan Estatal de Vivienda 2018 \u2013<\/a><\/li>\n<li><a href=\"https:\/\/www.boe.es\/diario_boe\/txt.php?id=BOE-A-2018-11668\">Resoluci\u00f3n de 2 de agosto de 2018, de la Secretar\u00eda General de Vivienda, por la que se publica el Convenio con la Comunitat Valenciana, para la ejecuci\u00f3n del Plan Estatal de Vivienda 2018-2021.<\/a><\/li>\n<li><a href=\"https:\/\/plancabanyal.es\/wp-content\/uploads\/2021\/07\/ba7b18c69e.pdf\">Acuerdo de la Comisi\u00f3n Bilateral del 29\/10\/2018, relativo al \u00c1rea de Regeneraci\u00f3n y Renovaci\u00f3n Urbana del barrio de El Cabanyal-Canyamelar de Valencia.<\/a><\/li>\n<li><a href=\"https:\/\/dogv.gva.es\/datos\/2019\/03\/04\/pdf\/2019_2127.pdf\">ORDEN 1\/2019, de 18 de febrero, de la Conselleria de Vivienda, Obras P\u00fablicas y Vertebraci\u00f3n del Territorio, por la que se aprueban las bases reguladoras de las ayudas del Programa de fomento de la regeneraci\u00f3n y renovaci\u00f3n urbana y rural del Plan Estatal de Vivienda 2018- 2021.<\/a><\/li>\n<li><a href=\"https:\/\/plancabanyal.es\/wp-content\/uploads\/2022\/07\/Acuerdo-optimizado-para-web.pdf\">Acuerdo de la Junta de Gobierno Local, de fecha 22 de julio de 2022, por el que se aprueba la convocatoria de subvenciones para la reedificaci\u00f3n y rehabilitaci\u00f3n de edificios y viviendas en el \u00e1mbito del ARRU Cabanyal-Canyamelar y se encarga a Plan Cabanyal-Canyamelar, S.A. la prestaci\u00f3n del servicio de oficina de gesti\u00f3n del ARRU.<\/a><\/li>\n<li><a href=\"https:\/\/dogv.gva.es\/va\/disposicio-consolidada?signatura=001223\/2015&amp;idioma=es&amp;L=1&amp;url_lista=\">Ley 1\/2015, de 6 de febrero, de la Generalitat, de Hacienda P\u00fablica, del Sector P\u00fablico Instrumental y de Subvenciones<\/a>.<\/li>\n<li><a href=\"https:\/\/www.valencia.es\/documents\/20142\/9693426\/BOP+%281%29.pdf\/ec141d67-1477-9eac-9d09-f5ae255dbbf9?t=1605187441915\">Ordenanza General de Subvenciones del Ayuntamiento de Val\u00e8ncia y sus Organismos P\u00fablicos, aprobada por Resoluci\u00f3n Z-903 de 19 de octubre del 2016, publicada en el B.O.P. en fecha 2 de noviembre de 2016.<\/a><\/li>\n<li><a href=\"https:\/\/www.boe.es\/buscar\/act.php?id=BOE-A-2006-13371\">Real Decreto 887\/2006, de 21 de julio, por el que se aprueba el Reglamento de la Ley 38\/2003, de 17 de noviembre, General de Subvenciones.<\/a><\/li>\n<li><a href=\"https:\/\/www.boe.es\/buscar\/act.php?id=BOE-A-2015-10565\">Ley 39\/2015, de 1 de octubre, de Procedimiento Administrativo Com\u00fan de las Administraciones P\u00fablicas.<\/a><\/li>\n<\/ul>\n<p>[\/vc_column_text][\/vc_column][\/vc_row]<\/p>\n","protected":false},"excerpt":{"rendered":"<p>[vc_row][vc_column][vc_separator][vc_column_text] ARRU II (Plan Estatal Vivienda 2018-2021) Subvenciones para la Reedificaci\u00f3n y Rehabilitaci\u00f3n de edificios y viviendas dentro del \u00c1rea [&hellip;]<\/p>\n","protected":false},"author":1,"featured_media":0,"parent":0,"menu_order":0,"comment_status":"closed","ping_status":"closed","template":"","meta":{"site-sidebar-layout":"no-sidebar","site-content-layout":"plain-container","ast-site-content-layout":"default","site-content-style":"default","site-sidebar-style":"default","ast-global-header-display":"","ast-banner-title-visibility":"","ast-main-header-display":"","ast-hfb-above-header-display":"","ast-hfb-below-header-display":"","ast-hfb-mobile-header-display":"","site-post-title":"disabled","ast-breadcrumbs-content":"","ast-featured-img":"disabled","footer-sml-layout":"","theme-transparent-header-meta":"default","adv-header-id-meta":"","stick-header-meta":"","header-above-stick-meta":"","header-main-stick-meta":"","header-below-stick-meta":"","astra-migrate-meta-layouts":"set","ast-page-background-enabled":"default","ast-page-background-meta":{"desktop":{"background-color":"var(--ast-global-color-5)","background-image":"","background-repeat":"repeat","background-position":"center center","background-size":"auto","background-attachment":"scroll","background-type":"","background-media":"","overlay-type":"","overlay-color":"","overlay-opacity":"","overlay-gradient":""},"tablet":{"background-color":"","background-image":"","background-repeat":"repeat","background-position":"center center","background-size":"auto","background-attachment":"scroll","background-type":"","background-media":"","overlay-type":"","overlay-color":"","overlay-opacity":"","overlay-gradient":""},"mobile":{"background-color":"","background-image":"","background-repeat":"repeat","background-position":"center center","background-size":"auto","background-attachment":"scroll","background-type":"","background-media":"","overlay-type":"","overlay-color":"","overlay-opacity":"","overlay-gradient":""}},"ast-content-background-meta":{"desktop":{"background-color":"var(--ast-global-color-4)","background-image":"","background-repeat":"repeat","background-position":"center center","background-size":"auto","background-attachment":"scroll","background-type":"","background-media":"","overlay-type":"","overlay-color":"","overlay-opacity":"","overlay-gradient":""},"tablet":{"background-color":"var(--ast-global-color-4)","background-image":"","background-repeat":"repeat","background-position":"center center","background-size":"auto","background-attachment":"scroll","background-type":"","background-media":"","overlay-type":"","overlay-color":"","overlay-opacity":"","overlay-gradient":""},"mobile":{"background-color":"var(--ast-global-color-4)","background-image":"","background-repeat":"repeat","background-position":"center center","background-size":"auto","background-attachment":"scroll","background-type":"","background-media":"","overlay-type":"","overlay-color":"","overlay-opacity":"","overlay-gradient":""}}},"acf":[],"_links":{"self":[{"href":"https:\/\/plancabanyal.es\/en\/wp-json\/wp\/v2\/pages\/5552"}],"collection":[{"href":"https:\/\/plancabanyal.es\/en\/wp-json\/wp\/v2\/pages"}],"about":[{"href":"https:\/\/plancabanyal.es\/en\/wp-json\/wp\/v2\/types\/page"}],"author":[{"embeddable":true,"href":"https:\/\/plancabanyal.es\/en\/wp-json\/wp\/v2\/users\/1"}],"replies":[{"embeddable":true,"href":"https:\/\/plancabanyal.es\/en\/wp-json\/wp\/v2\/comments?post=5552"}],"version-history":[{"count":30,"href":"https:\/\/plancabanyal.es\/en\/wp-json\/wp\/v2\/pages\/5552\/revisions"}],"predecessor-version":[{"id":12646,"href":"https:\/\/plancabanyal.es\/en\/wp-json\/wp\/v2\/pages\/5552\/revisions\/12646"}],"wp:attachment":[{"href":"https:\/\/plancabanyal.es\/en\/wp-json\/wp\/v2\/media?parent=5552"}],"curies":[{"name":"wp","href":"https:\/\/api.w.org\/{rel}","templated":true}]}}

<p>[vc_row][vc_column][vc_separator][vc_column_text]</p>
<div class="wpb_text_column wpb_content_element ">
<div class="wpb_wrapper">
<h2>ARRU II (Plan Estatal Vivienda 2018-2021)</h2>
<h4>Subvenciones para la Reedificación y Rehabilitación de edificios y viviendas dentro del Área de Regeneración y Renovación Urbana Cabanyal-Canyamelar</h4>
</div>
</div>
<div class="vc_separator wpb_content_element vc_separator_align_center vc_sep_width_100 vc_sep_pos_align_center vc_separator_no_text vc_sep_color_grey"></div>
<p>[/vc_column_text][vc_separator][vc_column_text]</p>
<h3>Bases convocatoria</h3>
<ul>
<li><a href="https://plancabanyal.es/wp-content/uploads/2022/07/Acuerdo-optimizado-para-web.pdf">Acuerdo de la Junta de Gobierno Local, de fecha 22 de julio de 2022, por el que se aprueba la convocatoria de subvenciones para la reedificación y rehabilitación de edificios y viviendas en el ámbito del ARRU Cabanyal-Canyamelar y se encarga a Plan Cabanyal-Canyamelar, S.A. la prestación del servicio de oficina de gestión del ARRU.</a></li>
</ul>
<p>&nbsp;</p>
<h3>Publicación de la Convocatoria en el BOP</h3>
<p><a href="https://plancabanyal.es/wp-content/uploads/2022/09/220901_Anuncio-convocatoria-BOP.pdf">Boletín Oficial de la Provincia (B.O.P. 01/09/2022)</a>.</p>
<p>&nbsp;</p>
<h3>Impresos de la solicitud de ayudas</h3>
<ul>
<li><a href="https://plancabanyal.es/wp-content/uploads/2022/10/220901_Solicitud-Ayuda-ARRU-Rehabilitacion-CCPP-Propietarios-Unicos.pdf">SOLICITUD AYUDA ARRU REHABILITACIÓN CCPP – PROPIETARIOS ÚNICOS</a></li>
<li><a href="https://plancabanyal.es/wp-content/uploads/2022/10/220901_Solicitud-Ayuda-ARRU-Reedificacion-CCPP.pdf">SOLICITUD AYUDA ARRU REEDIFICACIÓN CCPP</a></li>
<li><a href="https://plancabanyal.es/wp-content/uploads/2022/10/220901_Solicitud-Ayuda-ARRU-Reedificacion-Propietarios-Unicos.pdf">SOLICITUD AYUDA ARRU REEDIFICACIÓN PROPIETARIOS ÚNICOS</a></li>
</ul>
<h3></h3>
<p>&nbsp;</p>
<h3><span data-teams="true">Impresos de solicitud de Calificación Definitiva</span></h3>
<ul>
<li><a href="https://plancabanyal.es/wp-content/uploads/2025/10/Solicitud-Calificacion-Definitiva_Reedificacion.pdf" target="_blank" rel="noopener">SOLICITUD CALIFICACIÓN DEFINITIVA REEDIFICACIÓN</a></li>
<li><a href="https://plancabanyal.es/wp-content/uploads/2025/10/Solicitud-Calificacion-Definitiva_Rehabilitacion.pdf" target="_blank" rel="noopener">SOLICITUD CALIFICACIÓN DEFINITIVA REHABILITACIÓN</a></li>
</ul>
<h3></h3>
<p>&nbsp;</p>
<h3>Listados provisionales</h3>
<ul>
<li><a href="https://plancabanyal.es/wp-content/uploads/2023/11/edicto-r.pdf">Edicto del Excelentísimo Ayuntamiento de Valencia con listas provisionales de subvenciones para la reedificación y rehabilitación de edificios y viviendas dentro del Área de Regeneración y Renovación Urbana el Cabanyal-Canyamelar en Valencia, Plan Estatal 2018-2021.</a></li>
</ul>
<p>&nbsp;</p>
<h3>Listados definitivos</h3>
<ul>
<li><a href="https://plancabanyal.es/wp-content/uploads/2024/05/240513_Edicto_Tablon-Ayto-Vlc_Publicacion-Listados-definitivos.pdf" target="_blank" rel="noopener">Edicto del Excelentísimo Ayuntamiento de Valencia con listas definitivas de solicitudes beneficiarias y excluidas de subvenciones del Área de Regeneración y Renovación Urbana Cabanyal-Canyamelar en Valencia, Plan Estatal 2018-2021.</a></li>
</ul>
<p>&nbsp;</p>
<h3>Publicaciones</h3>
<ul>
<li><a href="https://plancabanyal.es/wp-content/uploads/2022/11/Acuerdo.zsig_.pdf">Acuerdo de la Junta de Gobierno Local, de fecha 25 de noviembre de 2022, por el que se modifica la Cláusula Quinta de la Convocatoria de subvenciones para la reedificación y rehabilitación de edificios y viviendas dentro del Área de Regeneración y Renovación Urbana El Cabanyal-Canyamelar en València, Plan Estatal 2018-2021, aprobada por acuerdo de fecha 22 de julio de 2022, de Junta de Gobierno Local y se amplía el plazo de presentación de solicitudes por un mes, de tal forma que finalizará el día 2 de enero de 2023.</a></li>
<li><a href="https://plancabanyal.es/wp-content/uploads/2022/12/BOP_234_DEL_7-12-2022.pdf">BOP 07/12/2022 Anuncio del Excelentísimo Ayuntamiento de València sobre extracto del acuerdo de 25 de noviembre de 2022 de Gobierno Local, por el que se modifica el acuerdo previo de 22 de julio de 2022, a la aprobación de la convocatoria de subvenciones para la reedificación rehabilitación de edificios y viviendas dentro del área de regeneración y renovación urbana El Cabanyal-Canyamelar en València, plan estatal 2018-2021.</a></li>
<li><a href="https://plancabanyal.es/wp-content/uploads/2023/06/230612_Serv.-Viv._Acuerdo_Aprobar-Ampliacion-Plazo-Resolv.-Convocat.-ARRU-2-CV.pdf">Acuerdo Junta de Gobierno Local de 9 de junio de 2023 para ampliación del plazo de resolución de la Convocatoria de subvenciones para la reedificación y rehabilitación de edificios y viviendas dentro del Área de Regeneración y Renovación Urbana El Cabanyal-Canyamelar en València, Plan Estatal 2018-2021.</a></li>
<li><a href="https://plancabanyal.es/wp-content/uploads/2023/06/BOP_121_23-06-2023_AMPLIACION_PLAZO_RESOLVER.pdf">BOP 23/06/2023 Anuncio del Ayuntamiento de València sobre la ampliación del plazo para resolver la convocatoria de subvenciones para la reedificación y rehabilitación de edificios y viviendas dentro del área de regeneración y renovación urbana El Cabanyal-Canyamelar en València. Plan Estatal 2018-2021.</a></li>
</ul>
<p>&nbsp;</p>
<p><strong>NORMATIVA DE APLICACIÓN</strong></p>
<ul>
<li><a href="https://www.boe.es/eli/es/rd/2018/03/09/106">Real Decreto 106/2018, de 9 de marzo, por el que se regula el Plan Estatal de Vivienda 2018 –</a></li>
<li><a href="https://www.boe.es/diario_boe/txt.php?id=BOE-A-2018-11668">Resolución de 2 de agosto de 2018, de la Secretaría General de Vivienda, por la que se publica el Convenio con la Comunitat Valenciana, para la ejecución del Plan Estatal de Vivienda 2018-2021.</a></li>
<li><a href="https://plancabanyal.es/wp-content/uploads/2021/07/ba7b18c69e.pdf">Acuerdo de la Comisión Bilateral del 29/10/2018, relativo al Área de Regeneración y Renovación Urbana del barrio de El Cabanyal-Canyamelar de Valencia.</a></li>
<li><a href="https://dogv.gva.es/datos/2019/03/04/pdf/2019_2127.pdf">ORDEN 1/2019, de 18 de febrero, de la Conselleria de Vivienda, Obras Públicas y Vertebración del Territorio, por la que se aprueban las bases reguladoras de las ayudas del Programa de fomento de la regeneración y renovación urbana y rural del Plan Estatal de Vivienda 2018- 2021.</a></li>
<li><a href="https://plancabanyal.es/wp-content/uploads/2022/07/Acuerdo-optimizado-para-web.pdf">Acuerdo de la Junta de Gobierno Local, de fecha 22 de julio de 2022, por el que se aprueba la convocatoria de subvenciones para la reedificación y rehabilitación de edificios y viviendas en el ámbito del ARRU Cabanyal-Canyamelar y se encarga a Plan Cabanyal-Canyamelar, S.A. la prestación del servicio de oficina de gestión del ARRU.</a></li>
<li><a href="https://dogv.gva.es/va/disposicio-consolidada?signatura=001223/2015&amp;idioma=es&amp;L=1&amp;url_lista=">Ley 1/2015, de 6 de febrero, de la Generalitat, de Hacienda Pública, del Sector Público Instrumental y de Subvenciones</a>.</li>
<li><a href="https://www.valencia.es/documents/20142/9693426/BOP+%281%29.pdf/ec141d67-1477-9eac-9d09-f5ae255dbbf9?t=1605187441915">Ordenanza General de Subvenciones del Ayuntamiento de València y sus Organismos Públicos, aprobada por Resolución Z-903 de 19 de octubre del 2016, publicada en el B.O.P. en fecha 2 de noviembre de 2016.</a></li>
<li><a href="https://www.boe.es/buscar/act.php?id=BOE-A-2006-13371">Real Decreto 887/2006, de 21 de julio, por el que se aprueba el Reglamento de la Ley 38/2003, de 17 de noviembre, General de Subvenciones.</a></li>
<li><a href="https://www.boe.es/buscar/act.php?id=BOE-A-2015-10565">Ley 39/2015, de 1 de octubre, de Procedimiento Administrativo Común de las Administraciones Públicas.</a></li>
</ul>
<p>[/vc_column_text][/vc_column][/vc_row]</p>

<p>[vc_row][vc_column][vc_separator][vc_column_text] ARRU II (Plan Estatal Vivienda 2018-2021) Subvenciones para la Reedificación y Rehabilitación de edificios y viviendas dentro del Área [&hellip;]</p>
